{"id":1235,"date":"2024-08-22T10:56:07","date_gmt":"2024-08-22T08:56:07","guid":{"rendered":"https:\/\/platipus.univ-grenoble-alpes.fr\/?page_id=1235"},"modified":"2024-09-11T10:50:19","modified_gmt":"2024-09-11T08:50:19","slug":"documentation-2","status":"publish","type":"page","link":"https:\/\/platipus.univ-grenoble-alpes.fr\/?page_id=1235","title":{"rendered":"Documentation"},"content":{"rendered":"\n<table>\n\t<tr>\n\t\t<td class=\"iconeintro\">\n\t\t\t<img decoding=\"async\" class=\"icones\" src=\"https:\/\/platipus.univ-grenoble-alpes.fr\/wp-content\/uploads\/2024\/08\/documentation.png\" alt=\"Icone Fiches\">\n\t\t<\/td>\n\t\t<td>\n\t\t\t<p><a href=\"https:\/\/platipus.univ-grenoble-alpes.fr\/?page_id=29\">PLATIPUS a cr\u00e9\u00e9 diff\u00e9rentes <a href=\"https:\/\/platipus.univ-grenoble-alpes.fr\/?page_id=2795\">fiches \u00e0 consulter<\/a> avant l&rsquo;utilisation des ressources r\u00e9servables. Retrouvez-les ici.<\/p>\n\t\t<\/td>\n\t<\/tr>\n\t\n\t<tr>\n\t\t<td class=\"iconeintro\">\n\t\t\t<img decoding=\"async\" class=\"icones\" src=\"https:\/\/platipus.univ-grenoble-alpes.fr\/wp-content\/uploads\/2021\/12\/Icone-Conseil.png\" alt=\"Icone Bonnes pratiques\">\n\t\t<\/td>\n\t\t<td>\n\t\t\t<p><a href=\"https:\/\/platipus.univ-grenoble-alpes.fr\/?page_id=27\">Vous \u00eates en plein montage de projet et vous vous interrogez sur comment vous conformer au RGPD et aux r\u00e8gles \u00e9thiques ?<\/a> Vous retrouverez ici diff\u00e9rentes informations pour vous aider \u00e0 vous conformer au R\u00e8glement G\u00e9n\u00e9ral sur la Protection des Donn\u00e9es (RGPD) et pour pr\u00e9parer l&rsquo;instruction de votre dossier \u00e9thique aupr\u00e8s du comit\u00e9 local (CERGA).<\/p>\n\t\t<\/td>\n\t<\/tr>\n\t\n\t<tr>\n\t\t<td class=\"iconeintro\">\n\t\t\t<img decoding=\"async\" class=\"icones\" src=\"https:\/\/platipus.univ-grenoble-alpes.fr\/wp-content\/uploads\/2024\/08\/a-lexterieur.png\" alt=\"Icone Eessources ext\u00e9rieures\">\n\t\t<\/td>\n\t\t<td>\n\t\t\t<p><a href=\"https:\/\/platipus.univ-grenoble-alpes.fr\/?page_id=31\">les services de PLATIPUS ne r\u00e9pondent pas totalement \u00e0 vos besoins ?<\/a> Nous recensons ici diff\u00e9rentes autres services et plateformes universitaires susceptibles de r\u00e9pondre aux besoins des chercheurs en SHS du bassin Grenoblois.<\/a><\/p>\n\t\t<\/td>\n\t<\/tr>\n<\/table>\n","protected":false},"excerpt":{"rendered":"<p>PLATIPUS a cr\u00e9\u00e9 diff\u00e9rentes fiches \u00e0 consulter avant l&rsquo;utilisation des ressources r\u00e9servables. Retrouvez-les ici. Vous \u00eates en plein montage de projet et vous vous interrogez sur comment vous conformer au RGPD et aux r\u00e8gles \u00e9thiques ? Vous retrouverez ici diff\u00e9rentes &hellip;<\/p>\n<p class=\"read-more\"> <a class=\"more-link\" href=\"https:\/\/platipus.univ-grenoble-alpes.fr\/?page_id=1235\"> <span class=\"screen-reader-text\">Documentation<\/span> Read More &raquo;<\/a><\/p>\n","protected":false},"author":1,"featured_media":0,"parent":0,"menu_order":0,"comment_status":"closed","ping_status":"closed","template":"","meta":{"footnotes":""},"class_list":["post-1235","page","type-page","status-publish","hentry"],"_links":{"self":[{"href":"https:\/\/platipus.univ-grenoble-alpes.fr\/index.php?rest_route=\/wp\/v2\/pages\/1235","targetHints":{"allow":["GET"]}}],"collection":[{"href":"https:\/\/platipus.univ-grenoble-alpes.fr\/index.php?rest_route=\/wp\/v2\/pages"}],"about":[{"href":"https:\/\/platipus.univ-grenoble-alpes.fr\/index.php?rest_route=\/wp\/v2\/types\/page"}],"author":[{"embeddable":true,"href":"https:\/\/platipus.univ-grenoble-alpes.fr\/index.php?rest_route=\/wp\/v2\/users\/1"}],"replies":[{"embeddable":true,"href":"https:\/\/platipus.univ-grenoble-alpes.fr\/index.php?rest_route=%2Fwp%2Fv2%2Fcomments&post=1235"}],"version-history":[{"count":11,"href":"https:\/\/platipus.univ-grenoble-alpes.fr\/index.php?rest_route=\/wp\/v2\/pages\/1235\/revisions"}],"predecessor-version":[{"id":2807,"href":"https:\/\/platipus.univ-grenoble-alpes.fr\/index.php?rest_route=\/wp\/v2\/pages\/1235\/revisions\/2807"}],"wp:attachment":[{"href":"https:\/\/platipus.univ-grenoble-alpes.fr\/index.php?rest_route=%2Fwp%2Fv2%2Fmedia&parent=1235"}],"curies":[{"name":"wp","href":"https:\/\/api.w.org\/{rel}","templated":true}]}}