{"id":1735,"date":"2024-08-27T15:49:57","date_gmt":"2024-08-27T13:49:57","guid":{"rendered":"https:\/\/platipus.univ-grenoble-alpes.fr\/?page_id=1735"},"modified":"2024-08-27T15:51:07","modified_gmt":"2024-08-27T13:51:07","slug":"rediger-un-consentement","status":"publish","type":"page","link":"https:\/\/platipus.univ-grenoble-alpes.fr\/?page_id=1735","title":{"rendered":"R\u00e9diger un consentement"},"content":{"rendered":"\n<table class=\"fiches\">\n\t<tr>\n\t\t<td class=\"fiches-marges\"><\/td>\n\t\t<td>\n\t\t\t<p>Lorsqu&rsquo;un consentement doit \u00eatre recueilli, il conveint de faire appara\u00eetre dans le document :<\/p>\n\t\t\t<ul>\n\t\t\t\t<li>l\u2019identit\u00e9 du Responsable de Traitement,<\/li>\n\t\t\t\t<li>les coordonn\u00e9es du D\u00e9l\u00e9gu\u00e9 \u00e0 la Protection des donn\u00e9es,<\/li>\n\t\t\t\t<li>la finalit\u00e9\/fondement des traitements,<\/li>\n\t\t\t\t<li>les destinataires,<\/li>\n\t\t\t\t<li>le type de donn\u00e9es collect\u00e9es et leur source,<\/li>\n\t\t\t\t<li>leur dur\u00e9e de conservation,<\/li>\n\t\t\t\t<li>l\u2019existence du droit d\u2019acc\u00e8s aux donn\u00e9es, de rectification ou d&rsquo;effacement de celles-ci,<\/li>\n\t\t\t\t<li>la proc\u00e9dure pour exercer son droit d\u2019acc\u00e8s, de rectification et d\u2019effacement,<\/li>\n\t\t\t\t<li>l&rsquo;existence du droit au retrait du consentement,<\/li>\n\t\t\t\t<li>le cas \u00e9ch\u00e9ant, des transferts des donn\u00e9es vers des pays hors U.E,<\/li>\n\t\t\t\t<li>le cas \u00e9ch\u00e9ant, si ces donn\u00e9es serviront \u00e0 prendre des d\u00e9cisions automatis\u00e9e (type profilage).<\/li>\n\t\t\t<\/ul>\n\t\t<\/td>\n\t\t<td class=\"fiches-marges\"><\/td>\n\t<\/tr>\n<\/table>\n","protected":false},"excerpt":{"rendered":"<p>Lorsqu&rsquo;un consentement doit \u00eatre recueilli, il conveint de faire appara\u00eetre dans le document : l\u2019identit\u00e9 du Responsable de Traitement, les coordonn\u00e9es du D\u00e9l\u00e9gu\u00e9 \u00e0 la Protection des donn\u00e9es, la finalit\u00e9\/fondement des traitements, les destinataires, le type de donn\u00e9es collect\u00e9es et &hellip;<\/p>\n<p class=\"read-more\"> <a class=\"more-link\" href=\"https:\/\/platipus.univ-grenoble-alpes.fr\/?page_id=1735\"> <span class=\"screen-reader-text\">R\u00e9diger un consentement<\/span> Read More &raquo;<\/a><\/p>\n","protected":false},"author":1,"featured_media":0,"parent":0,"menu_order":0,"comment_status":"closed","ping_status":"closed","template":"","meta":{"footnotes":""},"class_list":["post-1735","page","type-page","status-publish","hentry"],"_links":{"self":[{"href":"https:\/\/platipus.univ-grenoble-alpes.fr\/index.php?rest_route=\/wp\/v2\/pages\/1735","targetHints":{"allow":["GET"]}}],"collection":[{"href":"https:\/\/platipus.univ-grenoble-alpes.fr\/index.php?rest_route=\/wp\/v2\/pages"}],"about":[{"href":"https:\/\/platipus.univ-grenoble-alpes.fr\/index.php?rest_route=\/wp\/v2\/types\/page"}],"author":[{"embeddable":true,"href":"https:\/\/platipus.univ-grenoble-alpes.fr\/index.php?rest_route=\/wp\/v2\/users\/1"}],"replies":[{"embeddable":true,"href":"https:\/\/platipus.univ-grenoble-alpes.fr\/index.php?rest_route=%2Fwp%2Fv2%2Fcomments&post=1735"}],"version-history":[{"count":3,"href":"https:\/\/platipus.univ-grenoble-alpes.fr\/index.php?rest_route=\/wp\/v2\/pages\/1735\/revisions"}],"predecessor-version":[{"id":1738,"href":"https:\/\/platipus.univ-grenoble-alpes.fr\/index.php?rest_route=\/wp\/v2\/pages\/1735\/revisions\/1738"}],"wp:attachment":[{"href":"https:\/\/platipus.univ-grenoble-alpes.fr\/index.php?rest_route=%2Fwp%2Fv2%2Fmedia&parent=1735"}],"curies":[{"name":"wp","href":"https:\/\/api.w.org\/{rel}","templated":true}]}}