{"id":29,"date":"2024-07-15T11:46:53","date_gmt":"2024-07-15T09:46:53","guid":{"rendered":"https:\/\/platipus.msh-alpes.fr\/?page_id=29"},"modified":"2024-08-27T16:58:37","modified_gmt":"2024-08-27T14:58:37","slug":"tutoriels","status":"publish","type":"page","link":"https:\/\/platipus.univ-grenoble-alpes.fr\/?page_id=29","title":{"rendered":"Tutoriels"},"content":{"rendered":"\n<table>\n\t<tr class=\"ligneintro\"><td><\/td><td><\/td><\/tr>\n\t<tr>\n\t\t<td class=\"iconeintro\">\n\t\t\t<img decoding=\"async\" class=\"icones\" src=\"https:\/\/platipus.univ-grenoble-alpes.fr\/wp-content\/uploads\/2024\/08\/documentation.png\" width=\"100px\">\n\t\t<\/td>\n\t\t<td class=\"textintro\">\n\t\t\t<p class=\"intro\">Retrouvez ici quelques documents techiques vous aidant \u00e0 prendre en main nos mat\u00e9riels et logiciels<\/p>\n\t\t<\/td>\n\t<\/tr>\n\t<tr class=\"ligneintro\"><td><\/td><td><\/td><\/tr>\n<tr>\n<\/table>\n\n<details>\n<summary>Eye Tracking<\/summary>\n<div>\n\t<table>\n\t\t<tr>\n\t\t\t<td>\n\t\t\t\t<ul>\n\t\t\t\t\t<li><a href=\"https:\/\/platipus.univ-grenoble-alpes.fr\/wp-content\/uploads\/2022\/03\/Tobii-Glasses-Fonctionnement-eye-tracking-Copie.pdf\">Tobii Glasses &#8211; Fonctionnement eye-tracking<\/a><\/li>\n\t\t\t\t<\/ul>\n\t\t\t<\/td>\n\t\t<\/tr>\n\t<\/table>\n<\/div>\n<\/details>\n\n<details>\n<summary>Qualtrics<\/summary>\n<div>\n\t<table>\n\t\t<tr>\n\t\t\t<td>\n\t\t\t\t<ul>\n\t\t\t\t\t<li><strong>[VIDEO]<\/strong><a href=\"https:\/\/videos.univ-grenoble-alpes.fr\/video\/13679-qualtrics\/\" target=\"_blank\" rel=\"noopener\">Fonctionnalit\u00e9s de Qualtrics<\/a> (mot de passe : screentech)<\/li>\n\t\t\t\t\t<li><a href=\"https:\/\/platipus.univ-grenoble-alpes.fr\/wp-content\/uploads\/2022\/03\/Qualtrics-NE-PAS-collecter-les-adresses-IP.pdf\">Au regard du RGPD, ne pas collecter les adresses IP<\/a><\/li>\n\t\t\t\t\t<li><a href=\"https:\/\/platipus.univ-grenoble-alpes.fr\/wp-content\/uploads\/2022\/03\/Qualtrics-Integrer-une-image-a-un-questionnaire.pdf\">Int\u00e9grer une image \u00e0 un questionnaire<\/a><\/li>\n\t\t\t\t\t<li><a href=\"https:\/\/platipus.univ-grenoble-alpes.fr\/wp-content\/uploads\/2022\/03\/Qualtrics-Integrer-une-video.pdf\">Int\u00e9grer une vid\u00e9o \u00e0 un questionnaire<\/a><\/li>\n\t\t\t\t\t<li><a href=\"https:\/\/platipus.univ-grenoble-alpes.fr\/wp-content\/uploads\/2022\/03\/Options-avancees-pour-la-lecture-des-videos-acces-aux-commandes-du-lecteur-taille-de-limage-etc.pdf\">Options avanc\u00e9es pour la lecture des vid\u00e9os (acc\u00e8s aux commandes du lecteur, taille de l&rsquo;image, etc)<\/a><\/li>\n\t\t\t\t\t<li><a href=\"https:\/\/platipus.univ-grenoble-alpes.fr\/wp-content\/uploads\/2022\/03\/Qualtrics-Creer-un-filtre-pour-nafficher-que-les-reponses-completes.pdf\">Cr\u00e9er un filtre pour n&rsquo;afficher que les r\u00e9ponses compl\u00e8tes<\/a><\/li>\n\t\t\t\t<\/ul>\n\t\t\t<\/td>\n\t\t<\/tr>\n\t<\/table>\n<\/div>\n<\/details>\n\n<details>\n<summary>Lime Survey<\/summary>\n<div>\n\t<table>\n\t\t<tr>\n\t\t\t<td>\n\t\t\t\t<ul>\n\t\t\t\t\t<li><strong>[VIDEO]<\/strong> <a href=\"https:\/\/videos.univ-grenoble-alpes.fr\/video\/14834-lime-survey-presentation-du-logiciel-lime-survey-par-natacha-borel-screen\/\" target=\"_blank\" rel=\"noopener\">D\u00e9marrer avec Lime Survey<\/a> (mot de passe : screentech)<\/li>\n\t\t\t\t<\/ul>\n\t\t\t<\/td>\n\t\t<\/tr>\n\t<\/table>\n<\/div>\n<\/details>\n\n<details>\n<summary>Mesures physiologiques<\/summary>\n<div>\n\t<table>\n\t\t<tr>\n\t\t\t<td>\n\t\t\t\t<ul>\n\t\t\t\t\t<li><a href=\"https:\/\/platipus.univ-grenoble-alpes.fr\/wp-content\/uploads\/2022\/03\/Physio-Mesure-HRV-avec-BIOPAC-SS2LB.pdf\">Mesure HRV avec BIOPAC SS2LB<\/a><\/li>\n\t\t\t\t\t<li><a href=\"https:\/\/platipus.univ-grenoble-alpes.fr\/wp-content\/uploads\/2022\/03\/Physio-Mesure-du-poul-avec-BIOPAC-SS4LA.pdf\">Mesure du poul avec BIOPAC SS4LA<\/a><\/li>\n\t\t\t\t<\/ul>\n\t\t\t\t<p>Vous auriez besoin d&rsquo;un tuto qui n&rsquo;est pas disponible dans cette liste ? N&rsquo;h\u00e9sitez pas \u00e0 nous contacter !<\/p>\n\t\t\t<\/td>\n\t\t<\/tr>\n\t<\/table>\n<\/div>\n<\/details>\n","protected":false},"excerpt":{"rendered":"<p>Retrouvez ici quelques documents techiques vous aidant \u00e0 prendre en main nos mat\u00e9riels et logiciels Eye Tracking Tobii Glasses &#8211; Fonctionnement eye-tracking Qualtrics [VIDEO]Fonctionnalit\u00e9s de Qualtrics (mot de passe : screentech) Au regard du RGPD, ne pas collecter les adresses &hellip;<\/p>\n<p class=\"read-more\"> <a class=\"more-link\" href=\"https:\/\/platipus.univ-grenoble-alpes.fr\/?page_id=29\"> <span class=\"screen-reader-text\">Tutoriels<\/span> Read More &raquo;<\/a><\/p>\n","protected":false},"author":1,"featured_media":0,"parent":0,"menu_order":0,"comment_status":"closed","ping_status":"closed","template":"","meta":{"footnotes":""},"class_list":["post-29","page","type-page","status-publish","hentry"],"_links":{"self":[{"href":"https:\/\/platipus.univ-grenoble-alpes.fr\/index.php?rest_route=\/wp\/v2\/pages\/29","targetHints":{"allow":["GET"]}}],"collection":[{"href":"https:\/\/platipus.univ-grenoble-alpes.fr\/index.php?rest_route=\/wp\/v2\/pages"}],"about":[{"href":"https:\/\/platipus.univ-grenoble-alpes.fr\/index.php?rest_route=\/wp\/v2\/types\/page"}],"author":[{"embeddable":true,"href":"https:\/\/platipus.univ-grenoble-alpes.fr\/index.php?rest_route=\/wp\/v2\/users\/1"}],"replies":[{"embeddable":true,"href":"https:\/\/platipus.univ-grenoble-alpes.fr\/index.php?rest_route=%2Fwp%2Fv2%2Fcomments&post=29"}],"version-history":[{"count":10,"href":"https:\/\/platipus.univ-grenoble-alpes.fr\/index.php?rest_route=\/wp\/v2\/pages\/29\/revisions"}],"predecessor-version":[{"id":1753,"href":"https:\/\/platipus.univ-grenoble-alpes.fr\/index.php?rest_route=\/wp\/v2\/pages\/29\/revisions\/1753"}],"wp:attachment":[{"href":"https:\/\/platipus.univ-grenoble-alpes.fr\/index.php?rest_route=%2Fwp%2Fv2%2Fmedia&parent=29"}],"curies":[{"name":"wp","href":"https:\/\/api.w.org\/{rel}","templated":true}]}}