{"id":33,"date":"2024-07-15T11:52:15","date_gmt":"2024-07-15T09:52:15","guid":{"rendered":"https:\/\/platipus.msh-alpes.fr\/?page_id=33"},"modified":"2025-12-15T13:28:18","modified_gmt":"2025-12-15T12:28:18","slug":"pour-utiliser-nos-services","status":"publish","type":"page","link":"https:\/\/platipus.univ-grenoble-alpes.fr\/?page_id=33","title":{"rendered":"Recourir \u00e0 PLATIPUS"},"content":{"rendered":"\n<table class=\"platipus\">\n\t<tr class=\"ligneintro\"><td><\/td><td><\/td><td><\/td><\/tr>\n\t<tr>\n\t\t<td class=\"iconeintro\">\n\t\t\t<img decoding=\"async\" class=\"icones\" src=\"https:\/\/platipus.univ-grenoble-alpes.fr\/wp-content\/uploads\/2022\/02\/courriel-de-contact.png\" width=\"100px\" alt=\"icone contact\">\n\t\t<\/td>\n\t\t<td class=\"textintro\">\n\t\t\t<p class=\"intro\">Vous voulez faire appel \u00e0 nos services ? Vous avez une question ?<\/p>\n\t\t<\/td>\n\t\t<td class=\"textintro\">\n\t\t\t<p class=\"centre\"><strong class=\"platipus\">Formulaire<br>\u00ab\u00a0Inscription \u00e9tude\u00a0\u00bb<br>\u00e0 t\u00e9l\u00e9charger<br><a href=\"https:\/\/platipus.univ-grenoble-alpes.fr\/wp-content\/uploads\/2024\/09\/Formulaire-inscription-Etude-PLATIPUS.docx\"><img decoding=\"async\" src=\"https:\/\/platipus.univ-grenoble-alpes.fr\/wp-content\/uploads\/2025\/02\/Telecharger.png\" width=\"30px\"><\/a><\/strong><\/p>\n\t\t<\/td>\n\t<\/tr>\n\t<tr class=\"ligneintro\"><td><\/td><td><\/td><td><\/td><\/tr>\n<\/table>\n\n<p class=\"maj\">Mis \u00e0 jour le 12\/11\/2025<\/p>\n\n<details>\n<summary>Qui sommes-nous ?<\/summary>\n<div>\n\t<p>PLATIPUS est une plateforme technologique commune \u00e0 la <a href=\"https:\/\/www.msh-alpes.fr\" target=\"_blank\">MSH-Alpes<\/a> et \u00e0 la <a href=\"https:\/\/maci.univ-grenoble-alpes.fr\/fr\" target=\"_blank\">MaCI<\/a>. Son objectif est de soutenir la recherche en Sciences Humaines et Sociales (SHS). Sa mission est ainsi  d&rsquo;aider les chercheurs de l&rsquo;Universit\u00e9 Grenoble-Alpes dans leurs \u00e9tudes en SHS par la mise \u00e0 disposition de ressources mat\u00e9rielles et logicielles, de listes de volontaires et d&rsquo;espaces d&rsquo;exp\u00e9rimentation.<\/p>\n\n\t<p>PLATIPUS est issue de la fusion de deux plateformes : <\/p>\n\n\t<ul>\n\n\t<li><p>SCREEN qui est une plateforme technologique de la <a href=\"https:\/\/www.msh-alpes.fr\" target=\"_blank\">MSH-Alpes<\/a>, labellis\u00e9e \u00ab\u00a0plateforme COGITO\u00a0\u00bb. <\/p> <\/li>\n\n\t<p><em>Les MSH sont des unit\u00e9s d&rsquo;appui et de recherche ayant pour tutelle le CNRS et une ou plusieurs universit\u00e9.s. Leur vocation est le d\u00e9veloppement de l&rsquo;interdisciplinarit\u00e9 et le d\u00e9veloppement de projets innovants. Il existe 22 MSH dont la MSH-Alpes sur le campus de l&rsquo;Universit\u00e9 Grenoble-Alpes. <\/em><\/p>\n\n\t<p><em>La <a href=\"https:\/\/www.msh-reseau.fr\/\" target=\"_blank\">RnMSH<\/a> est le r\u00e9seau national des MSH qui s&rsquo;est constitu\u00e9 sous la forme d&rsquo;un groupement d&rsquo;int\u00e9r\u00eat scientifique. La RnMSH est reconnue par le Minist\u00e8re de l&rsquo;Enseignement Sup\u00e9rieur et de la Recherche comme infrastructure de recherche distribu\u00e9e.<\/em><\/p>\n\n\t<li><p>Health &#038; Society qui \u00e9tait une plateforme de la <a href=\"https:\/\/maci.univ-grenoble-alpes.fr\/fr\" target=\"_blank\">MaCI<\/a> faisant suite \u00e0 la SFR Sant\u00e9 et Soci\u00e9t\u00e9.<\/p><\/li> \n\n\t<em>Une SFR (Structure F\u00e9d\u00e9rative de Recherche) est une structure associant plusieurs laboratoires pour la mise en commun de connaissances et de ressources autour d&rsquo;un axe  scientifique identifi\u00e9. A l&rsquo;Universit\u00e9 Grenoble-Alpes, l&rsquo;une des SFR \u00e9tait la SFR Sant\u00e9 et Soci\u00e9t\u00e9 destin\u00e9e \u00e0 apporter un \u00e9clairage et des connaissances \u00e0 la soci\u00e9t\u00e9 civile dans deux domaines Sant\u00e9, Bien-\u00eatre, Pr\u00e9vention et D\u00e9ficiences, Handicaps, Adaptation.<\/em>\n\t<em>La <a href=\"https:\/\/maci.univ-grenoble-alpes.fr\/fr\" target=\"_blank\">MaCI<\/a> est une unit\u00e9 universitaire de l&rsquo;Universit\u00e9 Grenoble Alpes qui se pr\u00e9sente comme une maison d&rsquo;accueil pour le d\u00e9veloppement de la recherche et des formations qui facilite l&rsquo;interdisciplinarit\u00e9 et les coop\u00e9rations ext\u00e9rieures.<\/em>  \n\n\t<\/ul>\n\t\n\t<p>Notre \u00e9quipe se compose d&rsquo;une responsable de plateforme et de 2 informaticiens.\n\n\t<table>\n\t\t<tr>\n\t\t\t<td style=\"width:33%\"><p class=\"centre\"><img decoding=\"async\" src=\"https:\/\/platipus.univ-grenoble-alpes.fr\/wp-content\/uploads\/2024\/09\/SoniaM.jpg\" alt=\"Sonia Mandin\" width=\"150px\"><\/p><\/td>\n\t\t\t<td  style=\"width:33%\"><p class=\"centre\" ><img decoding=\"async\" src=\"https:\/\/platipus.univ-grenoble-alpes.fr\/wp-content\/uploads\/2024\/08\/Platipus_Symbole_NoirBlanc.png\" alt=\"Logo PLATIPUS\" width=\"150px\"><\/p><\/td>\n\t\t\t<!--<td  style=\"width:33%\"><p class=\"centre\"><img decoding=\"async\" src=\"https:\/\/platipus.univ-grenoble-alpes.fr\/wp-content\/uploads\/2024\/08\/Platipus_Symbole_NoirBlanc.png\" alt=\"Logo PLATIPUS\" width=\"150px\"><\/p><\/td>-->\n\t\t<\/tr>\n\t\t<tr>\n\t\t\t<td>\n\t\t\t\t<p class=\"centre\">\n\t\t\t\t\t<strong class=\"platipus\">Responsable de plateforme<\/strong><br>\n\t\t\t\t\tSonia Mandin<br>\n\t\t\t\t\t<a href=\"mailto:sonia.mandin@univ-grenoble-alpes.fr\">sonia.mandin@univ-grenoble-alpes.fr<\/a>\n\t\t\t\t<\/p>\n\t\t\t<\/td>\n\t\t\t<td>\n\t\t\t\t<p class=\"centre\">\n\t\t\t\t\t<strong class=\"platipus\">Informaticien &#8211; Gestionnaire de parc et r\u00e9seau (site MSH-Alpes)<\/strong><br>\n\t\t\t\t\tFlorian Galichet<br>\n\t\t\t\t\t<a href=\"mailto:florian.galichet@univ-grenoble-alpes.fr\">florian.galichet@univ-grenoble-alpes.fr><\/a>\n\t\t\t\t<\/p>\n\t\t\t<\/td>\n\t\t\t<!--<td>\n\t\t\t\t<p class=\"centre\">\n\t\t\t\t\t<strong class=\"platipus\">Informaticienne - Aide au pilotage op\u00e9rationnel (site MaCI)<\/strong><br>\n\t\t\t\t\tM\u00e9lissa Courla<br>\n\t\t\t\t\t<a href=\"mailto:melissa.courla@univ-grenoble-alpes.fr\">melissa.courla@univ-grenoble-alpes.fr<\/a><\/p>\t\t\t\t\n\t\t\t<\/td>-->\n\t\t<\/tr>\n\t<\/table>\n<\/div>\n<\/details>\n\n<details>\n<summary>Pour faire appel \u00e0 nos services<\/summary>\n<div>\n\t<table class=\"platipus\">\n\t\t<tr>\n\t\t\t<td class=\"platipus\" class=\"platipus\">\n\t\t\t\t<p>La premi\u00e8re fois que vous souhaitez faire appel \u00e0 nous pour une \u00e9tude donn\u00e9e, vous devrez remplir le <a href=\"https:\/\/platipus.univ-grenoble-alpes.fr\/wp-content\/uploads\/2024\/09\/Formulaire-inscription-Etude-PLATIPUS.docx\">formulaire d&rsquo;inscription de votre \u00e9tude<\/a>. Anticipez son remplissage et envoyez-le nous par mail (<a href=\"mailto:platipus@univ-grenoble-alpes.fr\">platipus@univ-grenoble-alpes.fr<\/a>) en m\u00eame temps que votre demande d&rsquo;acc\u00e8s au service pour en acc\u00e9l\u00e9rer le traitement.<\/p>\n\t\t\t\t<p>Un num\u00e9ro d&rsquo;\u00e9tude vous sera indiqu\u00e9 (ex : 2022087). Il est \u00e0 conserver et \u00e0 nous rappeler lors de nos \u00e9changes. Il nous permettra de retrouver plus facilement votre dossier et de vous r\u00e9pondre ainsi plus rapidement.<\/p>\n\t\t\t\t<p>Si vous souhaitez de nouveau faire appel \u00e0 nos services pour une m\u00eame \u00e9tude, rappelez-nous seulement votre num\u00e9ro d&rsquo;\u00e9tude. <\/p>\n\t\t\t\t<center><img decoding=\"async\" src=\"https:\/\/platipus.univ-grenoble-alpes.fr\/wp-content\/uploads\/2024\/09\/Procedure.png\" alt=\"Illustration de la proc\u00e9dure d'acc\u00e8s aux services de PLATIPUS\"><\/center>\n\t\t\t\t\n\t\t\t\t<p><strong>Merci aussi de consulter notre <a href=\"https:\/\/platipus.univ-grenoble-alpes.fr\/?page_id=43\">charte<\/a> !<\/strong><\/p>\n\t\t\t\t<p>Nos offres de pr\u00eats, d&rsquo;acc\u00e8s logiciels et de diffusion de vos appels \u00e0 volontaires sur nos listes sont d\u00e9crits sur notre site web. N&rsquo;h\u00e9sitez toutefois pas \u00e0 nous contacter directement pour d&rsquo;autres besoins. Nous pourrons peut-\u00eatre aussi vous aider.<\/p> \n\t\t\t<\/td>\n\t\t<\/tr>\n\t<\/table>\n<\/div>\n<\/details>\n\n<details>\n<summary>Pour contribuer \u00e0 la valorisation de la plateforme<\/summary>\n<div>\n\t<table class=\"platipus\">\n\t\t<tr>\n\t\t\t<td class=\"platipus\">\n\t\t\t\t<p>Pour accroitre la visibilit\u00e9 de la plateforme, r\u00e9pondre aux demandes de nos financeurs et nous aider \u00e0 valoriser vos travaux de recherche, vous vous demandons : <\/p>\n\t\t\t\t<ul>\n\t\t\t\t\t<li>de remplir la m\u00e9tadonn\u00e9e \u00ab\u00a0R\u00e9f\u00e9rence interne\u00a0\u00bb de vos d\u00e9p\u00f4ts HAL avec le nom de notre collection : PLATIPUS (en majuscules),<br>\n\t\t\t\t\t<center><img decoding=\"async\" src=\"https:\/\/platipus.univ-grenoble-alpes.fr\/wp-content\/uploads\/2025\/10\/CollectionHAL.png\" width=\"50%\"><\/center>\n\t\t\t\t\t<\/li>\n\t\t\t\t\t<li>d&rsquo;accoler le logo PLATIPUS \u00e0 vos posters, diaporamas ou autres visuels,<\/li>\n\t\t\t\t\t<li>Et selon le cas :<\/li>\n\t\t\t\t\t\t<ul><li><em>si appui peu significatif de la plateforme dans votre \u00e9tude (ex : simple r\u00e9servation de salle ou utilisation de logiciel)<\/em>, de remercier la plateforme \u00ab\u00a0PLATIPUS de la MSH-Alpes et de la MaCI\u00a0\u00bb dans vos articles,<\/li>\n\t\t\t\t\t\t<li><em>si appui significatif de la plateforme dans votre \u00e9tude<\/em>, de nous ajouter comme auteur si notre accompagnement scientifique, technique ou logistique est significatif (PLATIPUS si un nom d&rsquo;entit\u00e9 d\u00e9mat\u00e9rialis\u00e9e est possible ; la ou les personnes qui vous ont accompagn\u00e9.es dans le cas contraire)<\/li><\/ul>\n\t\t\t\t\t\n\t\t\t\t<\/ul>\t\n\t\t\t\t\n\t\t\t\t<p>Pour ceux qui ne d\u00e9poseraient pas leurs publications dans HAL, vous pouvez toujours nous signaler vos communications scientifiques \u00e9crites et orales en remplissant <a href=\"https:\/\/enquetes-screen.msh-alpes.fr\/index.php\/715432?lang=fr\">ce questionnaire<\/a>.<\/p>\n\t\t\t\t\n\t\t\t\t<\/li>\n\t\t\t\t<\/ul>\n\t\t\t\t<p>Pour am\u00e9liorer l&rsquo;offre de la plateforme et limiter l&rsquo;impact environnemental d&rsquo;achats de mat\u00e9riel, vous pouvez :<\/p> <ul>\n\t\t\t\t\t<li>mutualiser entre laboratoires du mat\u00e9riel dont vous disposez en le d\u00e9posant sur PLATIPUS,<\/li>\n\t\t\t\t\t<li>penser \u00e0 nous solliciter en amont de vos demandes de financement pour v\u00e9rifier ce dont nous disposons et aux besoins communs.<\/li>\n\t\t\t\t<\/ul>\n\t\t\t<\/td>\n\t\t<\/tr>\n\t<\/table>\n<\/div>\n<\/details>\n\n<details>\n<summary>Pour nous contacter<\/summary>\n<div>\n\t<table class=\"platipus\">\n\t\t<tr>\n\t\t\t<td class=\"platipus\">\n\t\t\t\t\t\t\t\n\t\t\t\t<p>Vous pouvez nous contacter au 04.76.01.26.46 \/ 06.86.35.70.24, ou de nous envoyer un email \u00e0 <a href=\"mailto:platipus@univ-grenoble-alpes.fr\">platipus@univ-grenoble-alpes.fr<\/a><\/p>\n\t\t\t\t<br><hr>\n\t\t\t\t<p><strong>ATTENTION : anticipez vos demandes ! Nous ne pourrons pas toujours y r\u00e9pondre dans les 48h.<\/strong><\/p>\n\t\t\t<\/td>\n\t\t<\/tr>\n\t<\/table>\n<\/div>\n<\/details>\n","protected":false},"excerpt":{"rendered":"<p>Vous voulez faire appel \u00e0 nos services ? Vous avez une question ? Formulaire\u00ab\u00a0Inscription \u00e9tude\u00a0\u00bb\u00e0 t\u00e9l\u00e9charger Mis \u00e0 jour le 12\/11\/2025 Qui sommes-nous ? PLATIPUS est une plateforme technologique commune \u00e0 la MSH-Alpes et \u00e0 la MaCI. Son objectif est &hellip;<\/p>\n<p class=\"read-more\"> <a class=\"more-link\" href=\"https:\/\/platipus.univ-grenoble-alpes.fr\/?page_id=33\"> <span class=\"screen-reader-text\">Recourir \u00e0 PLATIPUS<\/span> Read More &raquo;<\/a><\/p>\n","protected":false},"author":1,"featured_media":0,"parent":0,"menu_order":0,"comment_status":"closed","ping_status":"closed","template":"","meta":{"footnotes":""},"class_list":["post-33","page","type-page","status-publish","hentry"],"_links":{"self":[{"href":"https:\/\/platipus.univ-grenoble-alpes.fr\/index.php?rest_route=\/wp\/v2\/pages\/33","targetHints":{"allow":["GET"]}}],"collection":[{"href":"https:\/\/platipus.univ-grenoble-alpes.fr\/index.php?rest_route=\/wp\/v2\/pages"}],"about":[{"href":"https:\/\/platipus.univ-grenoble-alpes.fr\/index.php?rest_route=\/wp\/v2\/types\/page"}],"author":[{"embeddable":true,"href":"https:\/\/platipus.univ-grenoble-alpes.fr\/index.php?rest_route=\/wp\/v2\/users\/1"}],"replies":[{"embeddable":true,"href":"https:\/\/platipus.univ-grenoble-alpes.fr\/index.php?rest_route=%2Fwp%2Fv2%2Fcomments&post=33"}],"version-history":[{"count":67,"href":"https:\/\/platipus.univ-grenoble-alpes.fr\/index.php?rest_route=\/wp\/v2\/pages\/33\/revisions"}],"predecessor-version":[{"id":3669,"href":"https:\/\/platipus.univ-grenoble-alpes.fr\/index.php?rest_route=\/wp\/v2\/pages\/33\/revisions\/3669"}],"wp:attachment":[{"href":"https:\/\/platipus.univ-grenoble-alpes.fr\/index.php?rest_route=%2Fwp%2Fv2%2Fmedia&parent=33"}],"curies":[{"name":"wp","href":"https:\/\/api.w.org\/{rel}","templated":true}]}}