{"id":866,"date":"2024-08-20T14:42:40","date_gmt":"2024-08-20T12:42:40","guid":{"rendered":"https:\/\/platipus.univ-grenoble-alpes.fr\/?page_id=866"},"modified":"2025-12-18T15:53:03","modified_gmt":"2025-12-18T14:53:03","slug":"bases-de-volontaires","status":"publish","type":"page","link":"https:\/\/platipus.univ-grenoble-alpes.fr\/?page_id=866","title":{"rendered":"Bases de volontaires"},"content":{"rendered":"\n<table class=\"platipus\">\n\t<tr class=\"ligneintro\"><td><\/td><td><\/td><\/tr>\n\t<tr>\n\t\t<td class=\"iconeintro\">\n\t\t\t<img decoding=\"async\" class=\"icones\" src=\"https:\/\/platipus.univ-grenoble-alpes.fr\/wp-content\/uploads\/2021\/12\/Icone-Participants.png\" width=\"100px\" alt=\"icone participants\">\n\t\t<\/td>\n\t\t<td class=\"textintro\">\n\t\t\t<h3>Les \u00e9tudes en Sciences Humaines et Sociales n\u00e9cessitent fr\u00e9quemment de faire appel \u00e0 des sujets humains volontaires. Pour faciliter la mise en relation entre les chercheurs et toutes personnes int\u00e9ress\u00e9es pour apporter leur contribution \u00e0 la science, nous g\u00e9rons diff\u00e9rentes listes de volontaires sur lesquelles nous diffusons les appels \u00e0 participation.<\/h3>\n\t\t<\/td>\n\t<\/tr>\n\t<tr class=\"ligneintro\"><td><\/td><td><\/td><\/tr>\n<\/table>\n\n<p class=\"maj\">Mis \u00e0 jour le 18\/12\/2025<\/p>\n\n<details>\n<summary>Les listes g\u00e9r\u00e9es par PLATIPUS<\/summary>\n<div>\n\t<table class=\"platipus\">\n\t\t<tr>\n\t\t\t<td class=\"platipus\" colspan=\"2\">\n\t\t\t\t<p><strong class=\"platipus\">JeParticipe!<\/strong><\/p>\n\t\t\t\t<p><a href=\"https:\/\/platipus.univ-grenoble-alpes.fr\/scripts\/JPinscription.php\" target=\"_blank\">Je Participe<\/a> est une liste constitu\u00e9e de pr\u00e8s de 1000 personnes \u00e2g\u00e9\u00b7e\u00b7s de 18 et plus. Nos volontaires habitent majoritairement dans la m\u00e9tropole grenobloise.<\/p>\n\t\t\t\t<p>La liste de volontaires <em>Je Participe<\/em> est conforme aux normes RGPD et minimise \u00e0 ce titre les donn\u00e9es personnelles collect\u00e9es. Actuellement, nous ne sollicitons que l&#8217;email.<\/p>\n\t\t\t\t<p>L&rsquo;inscription \u00e0 la liste de diffusion est r\u00e9serv\u00e9e aux personnes qui souhaiteraient se porter volontaires lors d&rsquo;\u00e9tudes en Sciences Humaines et Sociales. S&rsquo;inscrire sur la liste permet d&rsquo;\u00eatre inform\u00e9\u00b7e pour participer aux \u00e9tudes en cours dans la r\u00e9gion Grenobloise.<\/p>\n\t\t\t\t<p><em>Les chercheurs grenoblois peuvent \u00e0 tout moment solliciter gratuitement l&rsquo;envoi sur cette liste d&rsquo;un appel \u00e0 volontaires pour une \u00e9tude donn\u00e9e. L&rsquo;indemnisation des volontaires dans le cadre de l&rsquo;\u00e9tude est fortement recommand\u00e9e, sans \u00eatre obligatoire. Les chercheurs sont parfois d\u00e9pendant de contraintes administratives et financi\u00e8res.<\/em><\/p>\n\t\t\t\t<p>Pour vous inscrire : <a href=\"https:\/\/platipus.univ-grenoble-alpes.fr\/scripts\/JPinscription.php\" target=\"_blank\">Je Participe<\/a><\/p>\n\t\t\t<\/td>\n\t\t<\/tr>\n\t\t<tr>\n\t\t\t<td class=\"platipus\">\n\t\t\t\t<p><strong class=\"platipus\">S\u00e9niors Pour La Science<\/strong><\/p>\n\t\t\t\t<p><a href=\"http:\/\/seniorspourlascience.fr\" target=\"_blank\">Seniors pour la Science<\/a> est une liste de volontaires \u00e2g\u00e9\u00b7e\u00b7s de 60 ans et plus. Les volontaires inscrits habitent majoritairement dans l&rsquo;agglom\u00e9ration grenobloise.<\/p>\n\t\t\t\t<p>La liste \u00ab\u00a0S\u00e9niors Pour La Science\u00a0\u00bb a \u00e9t\u00e9 cr\u00e9\u00e9e en collaboration avec le collectif de chercheurs <a href=\"https:\/\/seniorspourlascience.fr\/\" target=\"_blank\">\u00ab\u00a0Les S\u00e9niors pour la Science\u00a0\u00bb<\/a>. Des annonces directement li\u00e9es \u00e0 ce collectif (\u00e9venements, newsletters) peuvent \u00e9galement \u00eatre diffus\u00e9es dessus.<\/p>\n\t\t\t\t<p>L&rsquo;inscription \u00e0 la liste de diffusion est r\u00e9serv\u00e9e aux personnes qui souhaiteraient se porter volontaires lors d&rsquo;\u00e9tudes en Sciences Humaines et Sociales. S&rsquo;inscrire sur la liste permet d&rsquo;\u00eatre inform\u00e9\u00b7e pour participer aux \u00e9tudes en cours dans la r\u00e9gion Grenobloise.<\/p>\n\t\t\t\t<p><em>Les chercheurs grenoblois peuvent \u00e0 tout moment solliciter gratuitement l&rsquo;envoi sur cette liste d&rsquo;un appel \u00e0 \tvolontaires pour une \u00e9tude donn\u00e9e. L&rsquo;indemnisation des volontaires dans le cadre de l&rsquo;\u00e9tude est fortement recommand\u00e9e, sans \u00eatre obligatoire. Les chercheurs sont parfois d\u00e9pendant de contraintes administratives et financi\u00e8res.<\/em><\/p>\n\t\t\t\t<p>Pour vous inscrire : <a href=\"http:\/\/seniorspourlascience.fr\" target=\"_blank\">Seniors pour la Science<\/a><\/p>\n\t\t\t<\/td>\n\t\t\t<td class=\"platipus\">\n\t\t\t\t<figure class=\"wp-block-image size-large\"><img decoding=\"async\" src=\"https:\/\/platipus.univ-grenoble-alpes.fr\/wp-content\/uploads\/2020\/11\/SFS-1.png\" alt=\"Logo Seniors pour la science\"><\/figure>\n\t\t\t<\/td>\n\t\t<\/tr>\n\t<\/table>\n<\/div>\n<\/details>\n\n<details>\n<summary>Vous souhaitez devenir volontaires pour des exp\u00e9rimentations ? <\/summary>\n<div>\n\t<table class=\"platipus\">\n\t\t<tr>\n\t\t\t<td class=\"platipus\">\n\t\t\t\t<p>S\u00e9lectionnez la\/les liste.s qui vous correspondent parmi celles propos\u00e9es ci-dessus (JeParticipe!, SeniorsPourLaScience) dans la section \u00ab\u00a0Les listes g\u00e9r\u00e9es par PLATIPUS\u00a0\u00bb et inscrivez-vous.<\/p>\n\t\t\t\t<p>Lorsque des chercheurs nous communiqueront des appels \u00e0 volontaires pour leurs \u00e9tudes, nous les diffuserons sur ces listes. Vous recevrez alors un mail \u00e0 l&rsquo;adresse que vous avez renseign\u00e9e. En aucun cas nous ne communiquerons directement vos informations personnelles aux chercheurs.<\/p>\n\t\t\t\t<p>Dans le mail envoy\u00e9, il vous sera communiqu\u00e9 un lien, un email ou un num\u00e9ro de t\u00e9l\u00e9phone sp\u00e9cifique vous permettant de mentionner votre souhait de participer \u00e0 l&rsquo;\u00e9tude concern\u00e9e.<\/p>\n\t\t\t\t<p>En vous inscrivant sur nos listes, vous n&rsquo;avez aucune obligation de participer aux \u00e9tudes dont vous recevrez les appels \u00e0 volontaires. Si une \u00e9tude ne vous convient pas, attendez un peu&#8230; la suivante vous paraitra peut-\u00eatre plus proche de vos attentes.<\/p>\n\t\t\t<\/td>\n\t\t<\/tr>\n\t<\/table>\n<\/div>\n<\/details>\n\n<details>\n<summary>Vous \u00eates chercheur.se et vous souhaitez faire appel \u00e0 des volontaires pour vos exp\u00e9rimentations ? <\/summary>\n<div>\n\t<table class=\"platipus\">\n\t\t<tr>\n\t\t\t<td class=\"platipus\">\n\t\t\t\t<p>Pour faire appel \u00e0 nos bases de volontaires, suivez la proc\u00e9dure habituelle d&rsquo;<a href=\"https:\/\/platipus.univ-grenoble-alpes.fr\/?page_id=33\">acc\u00e8s aux services de PLATIPUS<\/a>.<\/p>\n\t\t\t\t<strong class=\"platipus\">PLATIPUS ne g\u00e8re ni la planification ni la r\u00e9mun\u00e9ration des participants. Nous n&rsquo;avons qu&rsquo;un r\u00f4le de relais de vos textes d&rsquo;appel \u00e0 volontaires<\/strong> \n\t\t\t\t<p>La plateforme PLATIPUS n&rsquo;est pas autoris\u00e9e \u00e0 vous communiquer les informations personnelles sur les volontaires. Aussi, une fois votre \u00e9tude enregistr\u00e9e, c&rsquo;est PLATIPUS qui effectuera l&rsquo;envoi du mail sur la liste de diffusion.<\/p>\n\t\t\t\t<p>Le mail re\u00e7u, les volontaires int\u00e9ress\u00e9s par votre \u00e9tude suivront les instructions que vous aurez pris soin de d\u00e9crire. Les inscriptions des volontaires \u00e0 l&rsquo;\u00e9tude s&rsquo;effectueront pas vos soins, y compris si vous utilisez les salles de PLATIPUS.<\/p>\n\t\t\t\t<p>Le mail est exp\u00e9di\u00e9 par PLATIPUS mais le texte du mail est \u00e0 r\u00e9diger par vous-m\u00eame. Il convient qu&rsquo;il contienne :\n\t\t\t\t<ul>\n\t\t\t\t\t<li>Un titre \u00e0 reporter dans l&rsquo;objet du mail,<\/li>\n\t\t\t\t\t<li>Une description attrayante sur l&rsquo;objectif de l&rsquo;\u00e9tude men\u00e9e,<\/li>\n\t\t\t\t\t<li>Les crit\u00e8res d&rsquo;inclusion \/ exclusion des participants,<\/li>\n\t\t\t\t\t<li>Des informations sur le d\u00e9roulement de l&rsquo;\u00e9tude (lieux, dates, dur\u00e9e des s\u00e9ances d&rsquo;exp\u00e9rimentation, etc.),<\/li>\n\t\t\t\t\t<li>La proc\u00e9dure d&rsquo;inscription (URL vers un evento, coordonn\u00e9es de la personne \u00e0 contacter, etc.)<\/li>\n\t\t\t\t\t<li>Le nom et email (ou t\u00e9l\u00e9phone) d&rsquo;une personne contact<\/li>\n\t\t\t\t\t<li>Le nom du responsable de traitement et son affiliation,<\/li>\n\t\t\t\t\t<li>Les logos des institutions \u00e0 cr\u00e9diter.<\/li>\n\t\t\t\t<\/ul>  \n\t\t\t\t<\/p>\n\t\t\t\t<p>Les mails que vous souhaitez diffuser sur nos listes doivent nous parvenir :<\/p>\n\t\t\t\t<ul>\n\t\t\t\t\t<li>Dans un format word avec la pr\u00e9sentation souhait\u00e9e. Nous encapsulerons votre texte dans un mod\u00e8le pr\u00e9d\u00e9fini et nous suivrons votre mise en page au plus pr\u00e8s de ce qui nous est possible.<\/li>\n\t\t\t\t\t<li>Accompagn\u00e9s des logos institutionnels si vous souhaitez les voir apparaitre. Ils  seront alors plac\u00e9s en fin de texte. Les logos doivent nous \u00eatre fournis au format .jpg ou .png exclusivement. <\/li>\n\t\t\t\t\t<li>D&rsquo;un \u00e9ventuel visuel (flyer, affiche, etc.) qui sera d\u00e9pos\u00e9 en t\u00e9l\u00e9chargement sur notre page recensant les appels \u00e0 volontaires. Notez que ce m\u00eame visuel ne pourra pas \u00eatre envoy\u00e9 en PJ du mail sur la liste de diffusion mais que nous ins\u00e9rerons nous-m\u00eame un lien de t\u00e9l\u00e9chargement dans le mail.<\/li>\n\t\t\t\t<\/p>\n\t\t\t\t<p>Sauf opposition de votre part, votre appel \u00e0 volontaires apparaitra \u00e9galement sur notre <a href=\"https:\/\/platipus.univ-grenoble-alpes.fr\/?page_id=10\">page web recensant les appels en cours<\/a>. <\/p>\n\t\t\t\t<p><strong>Il est agr\u00e9able pour les participants d&rsquo;avoir acc\u00e8s aux r\u00e9sultats des exp\u00e9rimentations auxquelles ils ont particip\u00e9. PLATIPUS a mis \u00e0 disposition une <a href=\"https:\/\/platipus.univ-grenoble-alpes.fr\/?page_id=12\">page de r\u00e9sultats<\/a> que nous pouvons alimenter sur demande.<\/strong><\/p>\n\t\t\t<\/td>\n\t\t<\/tr>\n\t<\/table>\n<\/div>\n<\/details>\n\n\n\n\n\n<p><\/p>\n","protected":false},"excerpt":{"rendered":"<p>Les \u00e9tudes en Sciences Humaines et Sociales n\u00e9cessitent fr\u00e9quemment de faire appel \u00e0 des sujets humains volontaires. Pour faciliter la mise en relation entre les chercheurs et toutes personnes int\u00e9ress\u00e9es pour apporter leur contribution \u00e0 la science, nous g\u00e9rons diff\u00e9rentes &hellip;<\/p>\n<p class=\"read-more\"> <a class=\"more-link\" href=\"https:\/\/platipus.univ-grenoble-alpes.fr\/?page_id=866\"> <span class=\"screen-reader-text\">Bases de volontaires<\/span> Read More &raquo;<\/a><\/p>\n","protected":false},"author":1,"featured_media":0,"parent":0,"menu_order":0,"comment_status":"closed","ping_status":"closed","template":"","meta":{"footnotes":""},"class_list":["post-866","page","type-page","status-publish","hentry"],"_links":{"self":[{"href":"https:\/\/platipus.univ-grenoble-alpes.fr\/index.php?rest_route=\/wp\/v2\/pages\/866","targetHints":{"allow":["GET"]}}],"collection":[{"href":"https:\/\/platipus.univ-grenoble-alpes.fr\/index.php?rest_route=\/wp\/v2\/pages"}],"about":[{"href":"https:\/\/platipus.univ-grenoble-alpes.fr\/index.php?rest_route=\/wp\/v2\/types\/page"}],"author":[{"embeddable":true,"href":"https:\/\/platipus.univ-grenoble-alpes.fr\/index.php?rest_route=\/wp\/v2\/users\/1"}],"replies":[{"embeddable":true,"href":"https:\/\/platipus.univ-grenoble-alpes.fr\/index.php?rest_route=%2Fwp%2Fv2%2Fcomments&post=866"}],"version-history":[{"count":57,"href":"https:\/\/platipus.univ-grenoble-alpes.fr\/index.php?rest_route=\/wp\/v2\/pages\/866\/revisions"}],"predecessor-version":[{"id":3673,"href":"https:\/\/platipus.univ-grenoble-alpes.fr\/index.php?rest_route=\/wp\/v2\/pages\/866\/revisions\/3673"}],"wp:attachment":[{"href":"https:\/\/platipus.univ-grenoble-alpes.fr\/index.php?rest_route=%2Fwp%2Fv2%2Fmedia&parent=866"}],"curies":[{"name":"wp","href":"https:\/\/api.w.org\/{rel}","templated":true}]}}